221*u + 72405528. Calculate d(25).
3
Let u(p) = -9*p**3 + 158*p**2 + 19*p - 18. Give u(18).
-972
Let d(h) = -19409*h - 58584. Determine d(-3).
-357
Let r(a) = 2*a**3 - 73*a**2 - 281*a + 31. Calculate r(40).
-9
Let s(f) = -37541*f + 563117. What is s(15)?
2
Let a(d) = -95*d**3 + 19664*d**2 + 205*d + 354. Determine a(207).
-60
Let c(q) = -4300*q - 184869. Give c(-43).
31
Let z(j) = -408*j + 112014. Determine z(274).
222
Let b(a) = -38627*a + 38672. Give b(1).
45
Let k(q) = 167*q - 2179. Give k(7).
-1010
Let f(t) = -11911*t + 118896. What is f(10)?
-214
Let g(s) = 185*s + 3717. Give g(-18).
387
Let g(b) = -2*b**3 - 12*b**2 + 277*b - 688. Determine g(3).
-19
Let h(y) = 24*y**2 + 1543*y - 1617. What is h(-65)?
-512
Let d(l) = -2*l**3 + 92*l**2 - 156*l + 1005. Give d(45).
-1965
Let t(g) = g**3 - 14*g**2 + 915*g - 86. Determine t(0).
-86
Let m(s) = s**3 + 13*s**2 + 2042*s + 17834. Calculate m(-9).
-220
Let q(c) = -812*c**2 - 149405*c + 537. Determine q(-184).
-15
Let m(k) = -2*k**2 - 95*k + 144. Determine m(-49).
-3
Let l(i) = -13719*i - 109880. Calculate l(-8).
-128
Let n(y) = -227*y + 6318. What is n(28)?
-38
Let m(w) = -24*w**2 - 277*w + 165. What is m(-13)?
-290
Let r(f) = -3*f**2 + 565*f - 25820. What is r(89)?
702
Let m(j) = j**3 + 71*j**2 + 699*j + 64. What is m(-60)?
-2276
Let k(i) = i**2 + 4859*i + 77491. Calculate k(-16).
3
Let m(p) = 4*p**3 - 148*p**2 - 165*p - 7. Calculate m(38).
-501
Let s(t) = 47*t**3 + 64*t**2 - 133*t + 8. Calculate s(2).
374
Let h(s) = 5170*s - 397843. Calculate h(77).
247
Let c(b) = -b**3 + 156*b**2 - 1185*b + 982. Calculate c(7).
-12
Let s(x) = 4*x**2 + 46*x - 2918. Determine s(-33).
-80
Let h(m) = -m**2 - 11943*m - 107372. Calculate h(-9).
34
Let g(b) = -979*b - 10736. Determine g(-11).
33
Let o(z) = -99*z + 1041. What is o(24)?
-1335
Let j(f) = -f**2 - 7*f + 4236. What is j(60)?
216
Let a(x) = 83*x**2 + 21416*x + 491. Give a(-258).
-25
Let m(v) = -30*v**2 - 868*v - 1656. Determine m(-2).
-40
Let f(i) = -48700*i + 48531. Determine f(1).
-169
Let s(q) = 3*q**2 + 1324*q - 51555. Calculate s(36).
-3
Let l(x) = -2*x**3 - 123*x**2 - 67*x - 763. Give l(-61).
-397
Let q(m) = -18154*m**2 + 163381*m + 21. Determine q(9).
-24
Let s(v) = 4*v**2 - 145*v + 405. What is s(42)?
1371
Let y(t) = -22283*t + 1069651. What is y(48)?
67
Let h(r) = -3788*r + 318191. Give h(84).
-1
Let h(i) = 2*i**2 - 486*i + 26413. What is h(82)?
9
Let g(z) = -51563*z + 773372. What is g(15)?
-73
Let w(f) = 1088025*f - 45697055. Determine w(42).
-5
Let s(c) = -68*c**2 - 7480*c - 29941. Determine s(-4).
-1109
Let r(t) = -2*t**2 - 280*t - 6925. Determine r(-109).
-167
Let p(g) = 197543*g - 1777877. Determine p(9).
10
Let f(i) = -154*i**2 - 1175*i - 15. Calculate f(-7).
664
Let g(b) = -27*b**3 + 672*b**2 + 128*b - 1304. Give g(25).
21
Let y(k) = -9588*k + 9462. Determine y(1).
-126
Let k(a) = -a**3 - 30*a**2 - 5*a + 1479. Determine k(-28).
51
Let y(f) = 2*f**2 + 2289*f + 75197. Give y(-34).
-317
Let u(c) = -4*c**2 + 202*c - 1973. Determine u(38).
-73
Let v(y) = -y**3 - 88*y**2 + 445*y + 39046. Calculate v(-88).
-114
Let d(j) = -65*j**2 + 134*j - 561. Determine d(7).
-2808
Let s(l) = 98*l - 42316. Calculate s(431).
-78
Let t(y) = 251*y**2 - 35395*y + 557. Calculate t(141).
-7
Let a(s) = 27*s**3 - 3158*s**2 - 118*s + 290. Calculate a(117).
173
Let x(v) = 1993*v**3 + 13950*v**2 - 2*v + 7. What is x(-7)?
-28
Let q(v) = -2*v**3 - 5*v**2 + 1570*v + 4717. Calculate q(-3).
16
Let p(a) = -11969*a + 538613. Determine p(45).
8
Let t(s) = 2026*s - 2080. Give t(1).
-54
Let d(k) = -5*k**3 + 320*k**2 - 951*k + 2189. What is d(61)?
-7
Let x(j) = 291*j + 24958. What is x(-87)?
-359
Let z(m) = m**3 + 39*m**2 + 117*m + 120. What is z(-29)?
5137
Let o(i) = -72*i - 5891. Give o(-71).
-779
Let h(c) = 2*c**3 - 179*c**2 + 1457*c + 5201. What is h(80)?
161
Let p(v) = -552*v + 3334. Determine p(6).
22
Let x(c) = 24*c**2 + 3599*c - 5. Give x(0).
-5
Let j(w) = 531*w + 10487. Determine j(-20).
-133
Let r(k) = k**2 - 655*k - 15580. Calculate r(-23).
14
Let y(q) = q**3 - 45*q**2 + 148*q + 462. What is y(41)?
-194
Let t(q) = -q**2 + 8932*q - 1005286. What is t(114)?
-34
Let n(v) = 2*v**3 + 205*v**2 - 979*v - 1618. Give n(-107).
94
Let k(m) = 3*m**3 - 131*m**2 + 199*m + 28. What is k(42)?
-434
Let n(q) = 6*q**3 + 373*q**2 + 37*q + 783. What is n(-62)?
2333
Let z(y) = 3*y**3 - 184*y**2 - 70*y - 3334. Determine z(62).
14
Let x(w) = w**2 + 63211*w - 8043931. Determine x(127).
-5
Let s(u) = 2*u**2 + 268817*u - 4570460. Determine s(17).
7
Let h(b) = 90*b**2 - 53*b - 29. Calculate h(0).
-29
Let g(c) = -28*c**2 + 441*c + 1084. Give g(18).
-50
Let m(v) = -19*v**3 - 1231*v**2 + 262*v + 3. Determine m(-65).
-127
Let a(x) = x**3 - 986*x**2 + 2950*x + 10. What is a(3)?
13
Let k(t) = -8*t**3 + 13*t**2 + 39*t + 32. Give k(-4).
596
Let h(f) = -2*f**2 + 9274*f - 46333. What is h(5)?
-13
Let y(b) = 257455*b + 7466196. What is y(-29)?
1
Let j(r) = -18*r**2 - 8650*r - 4808. Determine j(-480).
-8
Let o(q) = -5499*q + 104500. Give o(19).
19
Let f(n) = -144*n**2 - 58*n + 17. What is f(2)?
-675
Let o(u) = -30587*u + 214050. Give o(7).
-59
Let c(p) = 2*p**2 + 1064*p + 9500. Give c(-9).
86
Let t(s) = -27*s**3 - 3186*s**2 - 398. Calculate t(-118).
-398
Let f(r) = -r**2 + 172*r - 994. Calculate f(6).
2
Let t(g) = 176*g**2 + 12853*g - 63. Give t(-73).
-428
Let h(n) = n**3 + 5*n**2 - 49*n - 331. Give h(-12).
-751
Let b(k) = 22236*k + 111070. Determine b(-5).
-110
Let b(g) = -g**3 + 192*g**2 + 372*g + 2959. Give b(194).
-145
Let r(q) = 18*q**3 - 1175*q**2 - 821*q - 2358. Calculate r(66).
84
Let o(j) = -20*j**3 - 11*j**2 - 377*j - 740. Give o(-2).
130
Let d(w) = -379*w**2 - 148*w - 150. Calculate d(-1).
-381
Let l(c) = 27597*c + 1766212. What is l(-64)?
4
Let u(h) = -8*h**2 + 75*h - 23. Give u(0).
-23
Let s(y) = 3*y**2 + 2067*y - 1938201. What is s(-1219)?
9
Let t(d) = -d**3 + 4*d**2 + 14967*d - 89732. Give t(6).
-2
Let y(o) = -60*o + 410. Give y(5).
110
Let h(k) = k**3 + 174*k**2 + 7401*k + 95. Give h(-74).
21
Let w(l) = -672*l + 16733. What is w(25)?
-67
Let p(h) = -8*h**3 - 216*h**2 + 2239*h + 8. Calculate p(-35).
43
Let k(h) = -8*h**3 - 73*h**2 - 4611*h - 41418. Calculate k(-9).
0
Let z(k) = -6*k**3 + 7*k**2 + 61*k - 212. Give z(4).
-240
Let b(m) = 164*m**2 + 962*m - 327. What is b(-6)?
-195
Let j(g) = 24347*g + 37. Calculate j(0).
37
Let j(p) = -p**3 - 121*p**2 - 2404*p - 393. Determine j(-96).
-9
Let f(x) = x**3 + 270*x**2 + 1586*x + 576. Calculate f(-264).
48
Let n(s) = -8*s**3 + 96*s**2 + 24*s - 229. What is n(12)?
59
Let d(a) = a**2 + 7693*a + 161103. Calculate d(-21).
-9
Let g(i) = 27*i - 2649. Give g(60).
-1029
Let q(b) = -8*b**3 - 1886*b**2 + 472*b - 39. Calculate q(-236).
-39
Let x(z) = z**3 - 51*z**2 + 963*z - 121748. What is x(65)?
-3
Let c(r) = -4*r**3 + 2*r**2 - 35*r - 238. Give c(-6).
908
Let r(f) = f**2 + 154*f - 472. Determine r(3).
-1
Let z(h) = 21528*h - 3078472. Determine z(143).
32
Let t(m) = -10282*m + 534585. What is t(52)?
-79
Let d(w) = 5112*w**2 + 66439*w - 228. Calculate d(-13).
-7
Let o(v) = -4*v**2 + 511*v + 100263. Calculate o(-107).
-210
Let x(c) = -975*c + 400709. Calculate x(411).
-16
Let k(o) = -o**3 + 62*o**2 - 536*o + 258. What is k(10)?
98
Let p(m) = 38*m**2 - 189*m - 1828. What is p(-9)?
2951
Let d(y) = y**3 - 16*y**2 - 1103*y - 2506. Calculate d(43).
-12
Let q(u) = u**3 - 287*u**2 - 71522*u - 320. Determine q(-160).
0
Let l(r) = 325*r - 1001. Calculate l(2).
-351
Let z(a) = 6*a**2 - 265*a - 533. Give z(45).
-308
Let b(f) = -1057*f - 23266. What is b(-22)?
-12
Let g(c) = -3*c**3 - 1601*c**2 - 1084*c - 9569. Determine g(-533).
25
Let v(d) = 10*d**2 - 135*d + 1795. Determine v(16).
2195
Let x(k) = -5*k**3 - 10*k**2 + 2649*k - 13230. Determine x(5).
-860
Let n(a) = -12058*a - 578781. What is n(-48)?
3
Let w(v) = v**2 - 429*v - 252. Calculate w(429).
-252
Let d(m) = -167644*m - 3520520. Give d(-21).
4
Let t(r) = 10*r**2 - 464*r - 2028. Give t(-4).
-12
Let j(d) = -14*d**2 - 532*d + 7662. Give j(11).
116
Let w(i) = 403*i + 29675. What is w(-75)?
-550
Let j(d) = -5*d**2 - 31344*d + 125369. Calculate j(4).
-87
Let c(f) = 612*f**2 + 21443*f + 798. Determine c(-35).
-7
Let v(i) = i**2 - 6358*i + 1356257. Give v(221).
-20
Let d(h) = h**3 - h**2 + 6161*h + 43517. Determine d(-7).
-2
Le